 (-322)/q + n/(-3)?
False
Let s(r) = -r**3 + 6*r**2 + 8*r - 7. Let q be s(7). Does 28 divide 4 - 106*(-1 - q)?
False
Suppose -4*g - 920 = -5*f, 5*f - 529 - 386 = 3*g. Does 23 divide f?
False
Suppose -5*b - 4*j + 299 = -2*b, -4*b = 5*j - 397. Is b a multiple of 5?
False
Let p = -73 - -319. Does 20 divide (2/(12/(-3)))/((-3)/p)?
False
Suppose 1 = 2*n - 1. Suppose d - n = q, 3*q - 12 = -0*q - 2*d. Does 10 divide (-2)/(q + 33/(-15))?
True
Let n = -347 + 1233. Is 24 a factor of n?
False
Let a(b) = 2*b - 7. Let n be a(5). Let x be (-4 + 4)/(2*4/8). Suppose 0 = -x*j + 3*j + 2*y - 273, -3*j = n*y - 270. Is j a multiple of 31?
True
Suppose -a = 2*n - 2*a - 793, 1981 = 5*n - a. Is 33 a factor of n?
True
Suppose -2 = -2*u - 2*a, -3*a - a = -3*u - 4. Suppose -5*z + u = -5, 5*l - 22 = 3*z. Is l a multiple of 5?
True
Suppose 7*b + 336 = -343. Let n = b + 125. Is 6 a factor of n?
False
Let o be ((-24)/(-30))/(1/10). Is (o/5)/((-8)/(-500)) a multiple of 20?
True
Let y = 1133 - 872. Is 29 a factor of y?
True
Suppose 5*h - 5*y = 450, -5*h - 10 = -3*y - 456. Is 11 a factor of h?
True
Let q = 27667 - 46567. Let k be q/40 + (-1)/(-2). Is k/12*3/(-2) a multiple of 20?
False
Let c(g) = g**3 - g**2 + g + 7. Let l = 11 - 8. Is c(l) a multiple of 4?
True
Suppose 2*x - 29 = -5*a, 2*a - 47 + 15 = -2*x. Suppose -61 = -3*f + x. Let t = f + -22. Is t a multiple of 4?
True
Let p be (-30)/(-2) + (1 - -1). Let y = 151 + p. Suppose 0 = -a - a + y. Does 19 divide a?
False
Let h(z) = z + z**2 + 4*z - z - 2*z + 7. Is h(-8) a multiple of 11?
True
Suppose -57 = -5*x + 43. Suppose 28*k - 1848 = x*k. Does 39 divide k?
False
Suppose 0 = -2*h + h + r, -2 = -r. Suppose 0 = -m - h*m + 99. Suppose -4*b - k = -233, -71 - m = -2*b + 2*k. Does 19 divide b?
True
Let x = -99 - -148. Let s = x + -19. Is 12 a factor of s?
False
Is 52 a factor of (-4 - -10)/(-3)*(-166 - 0)?
False
Let x(s) = 14*s**2 - 22*s - 21. Is x(-6) a multiple of 5?
True
Let m(h) = -3*h**2 + 5*h. Let c(t) = t**2 - t. Let q(u) = 4*c(u) + m(u). Let l be q(1). Suppose l*o - 4 = 24. Is 3 a factor of o?
False
Suppose -5*z = -i - 2246, 2*z + 2*i - 896 = 3*i. Is 10 a factor of z?
True
Suppose 6520 = -711*j + 715*j. Is j a multiple of 63?
False
Let f be ((-8)/10)/(((-56)/300)/7). Does 26 divide (-9)/(-15) + 2322/f?
True
Let p(v) = -2*v**2 + 74*v - 11. Let i(m) = m + 5. Let q be i(28). Is 23 a factor of p(q)?
True
Let o(g) = -3*g**3 - 12*g**2 - g + 7. Let m be o(-5). Suppose -q + 22 + m = 0. Is q a multiple of 18?
False
Let p = 39 + -39. Let i(r) = -r**3 - r**2 + r + 60. Is i(p) a multiple of 12?
True
Let t = 1178 + -836. Does 16 divide t?
False
Let a(w) = 8*w**2 - 3*w - 7. Let p be a(-3). Suppose -3*l - p = -4*l. Does 22 divide l?
False
Let k be -1 + 2/1 + -2. Is k*41*-9*(3 + -2) a multiple of 19?
False
Let c = 2 + 6. Is 11 a factor of (-1 + c)/(9/99)?
True
Let z be ((-2)/(-2))/(2/4). Suppose -3*k = z*k - 15. Suppose -2*v + k*f = -f - 92, 4*v - 132 = -5*f. Does 13 divide v?
False
Suppose -5*r = 3*q - 3674, 1 + 1 = -q. Suppose -4*g - 4*b = -2*b - 740, 0 = 4*g + 4*b - r. Does 31 divide g?
True
Suppose 0*j - 5*j = -4*f + 3870, -4*j + 8 = 0. Does 14 divide f?
False
Let f be 28/4 + -3 - 22. Let l = 77 + f. Is l a multiple of 59?
True
Is (-7)/(-14) - 37*(-51)/6 a multiple of 5?
True
Suppose 5*v = -5*r + 1080, -v + 12 = 4*r - 210. Is v a multiple of 24?
False
Let u be (1 - 1)*(14 + -15). Suppose u = -10*m + 16*m. Suppose m = 48*w - 46*w - 64. Does 7 divide w?
False
Let s be ((0 - -4)/1)/(6/(-12)). Is (0 - -1) + (-328)/s a multiple of 6?
True
Let x = 312 - 171. Let s = x + -33. Is 27 a factor of s?
True
Let f be (-308)/(-6)*-1*3. Let h = f + 227. Is 21 a factor of h?
False
Let m(n) = -n**2 + 68*n - 335. Does 98 divide m(9)?
True
Let x(m) = 46*m - 8. Let w = 11 + -9. Is 12 a factor of x(w)?
True
Let t = -17 - -21. Suppose -6 = 3*f + 6, 4*m - 520 = t*f. Is m a multiple of 18?
True
Let q(b) be the first derivative of b**7/168 + b**6/360 - b**4/24 - b**3/3 - 6. Let m(f) be the third derivative of q(f). Is 5 a factor of m(1)?
True
Does 6 divide -6 + -6 + 349 - 7?
True
Let t(y) = -2. Let f(z) = 2*z - 8. Let h(q) = -2*f(q) - 2*t(q). Does 7 divide h(-17)?
False
Suppose j = 2*o + 28, -3*o - j = -2*o + 14. Does 10 divide (-20)/o*(-7 + 14)?
True
Let w = -37 - 157. Let j = 402 + w. Suppose 18 + j = 2*f. Is f a multiple of 30?
False
Let a(h) = -75*h**3 + h**2 + h + 1. Let u be a(-1). Does 16 divide (-3)/(300/u - 4)?
False
Let w(a) = 2*a**2 - 145*a - 120. Is w(74) a multiple of 2?
True
Let s(i) = 2*i**2 - 70*i - 16. Does 14 divide s(40)?
False
Let b(m) = -15*m + 9. Suppose -27*o + 23*o - 32 = 0. Is b(o) a multiple of 26?
False
Is 10 a factor of 5/2*(100 - 28)?
True
Let v = 245 + -80. Is v a multiple of 11?
True
Suppose l - q = -0*q + 69, 5*q - 395 = -5*l. Does 20 divide l?
False
Let p(z) = z**3 - 3*z**2 + z + 2. Let x be p(2). Is x - (-4 - -2) - -4 a multiple of 5?
False
Let l be ((-1)/(-2))/(1/(-2)). Let q be l + -2 + 6/2. Suppose -2*y + q*j + 127 = 5*j, -3 = -j. Is 28 a factor of y?
True
Is 15*(-54 - -110)/(6/17) a multiple of 34?
True
Let n = -10 + 15. Suppose n*v - 61 = 64. Suppose -4*u = 4*r - 120, 0*r + v = u - 4*r. Is u a multiple of 29?
True
Suppose 325 = 2*z - v, -z - 5*v + 775 = 4*z. Suppose 5*p - z + 530 = 0. Let q = -50 - p. Is q a multiple of 8?
True
Let b(l) = l + 11. Let p be b(-8). Suppose 0*k = p*k - 135. Suppose 7*y - 2*y - k = 0. Is y a multiple of 2?
False
Suppose -20*c + 22*c = -1384. Does 8 divide 4/(-30) + c/(-15)?
False
Let d be (-32)/(-14) + (-6)/21. Suppose -u = -2*a + 66, 4*u + 236 = -2*a + 3*a. Is 26 a factor of (u/4)/((-1)/d)?
False
Let r be (-5)/((-5)/(-4)) - (-17 + -4). Suppose -4*h + 53 = 5. Suppose 0 = -r*b + h*b + 250. Does 25 divide b?
True
Is (490/3)/(((-140)/(-21))/10) a multiple of 7?
True
Suppose 4 + 11 = -5*q. Let f(w) = w**2 + 3*w + 3. Let i be f(q). Suppose 4*h = i*n + 1, 5*n - n - 20 = 0. Is h a multiple of 3?
False
Let t = 22 + 7. Suppose -p + t = -48. Does 11 divide p?
True
Let b(z) be the first derivative of -z**2/2 + 50*z + 254. Let c be ((-2)/4)/(-1)*0. Is b(c) a multiple of 25?
True
Let x(j) = j. Let n be x(0). Suppose 2*s = -3*c + s + 421, c - 5*s - 135 = n. Does 3 divide (1 + 6)*240/c?
True
Let j = 328 - -677. Is 15 a factor of j?
True
Let o(d) = 39*d**2 + 5*d + 14. Is 20 a factor of o(-2)?
True
Suppose 5*a - 6 + 1 = 0. Suppose -b = -4*t + 238, -3*t + 187 = 3*b + a. Suppose -5*g + t = -0*g. Is 4 a factor of g?
True
Is (6/(-4))/((-108)/11880) a multiple of 4?
False
Let x(c) = 47*c**2 - 6*c - 8. Let m(s) = 47*s**2 - 7*s - 9. Let w(u) = -5*m(u) + 6*x(u). Let f(k) be the first derivative of w(k). Is f(1) a multiple of 31?
True
Let m(v) = 21*v + 1 + 3*v + 1 + 4. Does 13 divide m(3)?
True
Let g(m) = -2*m**2 + 30*m + 5. Let v be g(16). Let b = v - -47. Does 12 divide b?
False
Let o(n) be the first derivative of -n**4/4 - 2*n**3/3 - n**2 + 5*n + 1. Let d be o(-4). Is 14 a factor of (-18)/d + (-272)/(-5)?
False
Suppose 11*q - 5*q - 2778 = 0. Does 13 divide q?
False
Let b(t) = 2*t + 12. Let z be b(10). Let d = -45 + z. Let u = 10 - d. Does 10 divide u?
False
Suppose -5*c + 585 = -5*w, 219 = 2*c + 5*w - 2*w. Does 2 divide c?
True
Let i(w) = -w**2 + 4*w - 1. Let c be i(3). Suppose 4 = c*l, 4*l - 2*l = -n + 64. Does 20 divide n?
True
Suppose 17 = 14*w - 15*w. Let i = -3 + w. Is (0 - -2)*i/(-8) even?
False
Is 6 a factor of (-35)/15 - 47535/(-45)?
False
Does 4 divide (-32)/(-20)*(-4330)/(-8)?
False
Let s be (2 - (-3 - 2))*11. Let f = 52 - 35. Let y = s - f. Does 24 divide y?
False
Let k(w) = 4*w**2 + w + 3. Let j be k(2). Suppose 0 = 6*s - 105 + j. Let q = s + 6. Is 5 a factor of q?
True
Let l(a) = -2*a**2 + 4*a - 4. Let j be l(3). Let v = j - -8. Does 12 divide (38 + 3 - 1) + v?
False
Suppose -2*r + 5*k + 4 = 0, 7*r - 3*r - 34 = -3*k. Let c be -25 + r/(14/(-4)). Let p = c + 37. Is 10 a factor of p?
True
Let o = 1474 - 1099. Is 3 a factor of o?
True
Let z(m) = -3*m + 8 + 0 + 4*m - 1. Is z(11) a multiple of 5?
False
Is 24 a factor of 66/11 + (1326 - 3)?
False
Let u(q) = 6*q**3 + 2*q**2 - 4*q. Suppose 7 = 4*j - 5. Is u(j) a multiple of 14?
True
Suppose -15*n + 37400 = 19*n. Does 55 divide n?
True
Let o(t) = -315*t**3 + 5*t**2 + 6*t - 6. Is 97 a factor of o(-2)?
True
Let v(u) = -277*u + 352. Is v(-9) a multiple of 8?
F